65696?
2, 401, 739
What are the prime factors of 125884?
2, 11, 2861
List the prime factors of 772635.
3, 5, 19, 2711
What are the prime factors of 1918018?
2, 959009
What are the prime factors of 278178?
2, 3, 71, 653
What are the prime factors of 48891?
3, 43, 379
What are the prime factors of 3145741?
3145741
What are the prime factors of 2865393?
3, 318377
List the prime factors of 5398290.
2, 3, 5, 59981
List the prime factors of 12302609.
11, 1118419
What are the prime factors of 213047?
19, 11213
What are the prime factors of 395464?
2, 49433
What are the prime factors of 168952?
2, 7, 431
What are the prime factors of 357163?
577, 619
What are the prime factors of 11255657?
7, 19, 84629
What are the prime factors of 190278?
2, 3, 11, 31
List the prime factors of 1091112.
2, 3, 11, 4133
What are the prime factors of 3301874?
2, 1650937
List the prime factors of 1242426.
2, 3, 53, 3907
List the prime factors of 654228.
2, 3, 17, 1069
What are the prime factors of 7323783?
3, 547, 4463
What are the prime factors of 1151077?
19, 47, 1289
What are the prime factors of 1534584?
2, 3, 43, 1487
List the prime factors of 34142427.
3, 11, 344873
List the prime factors of 7099688.
2, 73, 12157
What are the prime factors of 605534?
2, 302767
What are the prime factors of 455272?
2, 56909
What are the prime factors of 11284878?
2, 3, 11, 61, 2803
What are the prime factors of 922197?
3, 307399
What are the prime factors of 1515750?
2, 3, 5, 43, 47
List the prime factors of 11461842.
2, 3, 7, 17, 5351
List the prime factors of 1715230.
2, 5, 11, 31, 503
List the prime factors of 23023343.
7, 1399, 2351
List the prime factors of 1280160.
2, 3, 5, 7, 127
List the prime factors of 94900.
2, 5, 13, 73
What are the prime factors of 234184?
2, 73, 401
List the prime factors of 2643388.
2, 11, 60077
List the prime factors of 5395940.
2, 5, 11, 24527
What are the prime factors of 3646236?
2, 3, 11, 23, 1201
List the prime factors of 265862.
2, 307, 433
List the prime factors of 4058311.
89, 45599
What are the prime factors of 3348523?
827, 4049
List the prime factors of 867325.
5, 34693
List the prime factors of 3635.
5, 727
List the prime factors of 941191.
31, 97, 313
List the prime factors of 18707726.
2, 29, 41, 7867
What are the prime factors of 470085?
3, 5, 7, 11, 37
What are the prime factors of 225919?
225919
List the prime factors of 600637.
79, 7603
What are the prime factors of 571349?
19, 30071
List the prime factors of 1277594.
2, 163, 3919
What are the prime factors of 970754?
2, 61, 73, 109
What are the prime factors of 5511772?
2, 7, 101, 1949
List the prime factors of 10221976.
2, 127, 10061
What are the prime factors of 126947?
37, 47, 73
What are the prime factors of 5070031?
47, 107873
List the prime factors of 35425399.
17, 2083847
What are the prime factors of 4061759?
13, 17, 18379
List the prime factors of 1332169.
1332169
List the prime factors of 1022413.
7, 146059
List the prime factors of 186094.
2, 93047
What are the prime factors of 8648514?
2, 3, 7, 68639
List the prime factors of 54455.
5, 10891
What are the prime factors of 1236789?
3, 15269
What are the prime factors of 826630?
2, 5, 7, 241
What are the prime factors of 325941?
3, 7, 11, 17, 83
List the prime factors of 625435.
5, 43, 2909
List the prime factors of 277467.
3, 92489
List the prime factors of 838858.
2, 419429
What are the prime factors of 1388726?
2, 61, 11383
List the prime factors of 9138285.
3, 5, 13, 41, 127
What are the prime factors of 1121148?
2, 3, 7, 1483
What are the prime factors of 598582?
2, 53, 5647
List the prime factors of 95397.
3, 31799
What are the prime factors of 246737?
137, 1801
What are the prime factors of 22448655?
3, 5, 498859
List the prime factors of 7691155.
5, 163, 9437
List the prime factors of 4797119.
151, 31769
What are the prime factors of 9845569?
31, 317599
What are the prime factors of 273480?
2, 3, 5, 43, 53
List the prime factors of 2256401.
7, 46049
What are the prime factors of 797691?
3, 17, 15641
List the prime factors of 373610.
2, 5, 37361
List the prime factors of 1374365.
5, 17, 19, 23, 37
List the prime factors of 98188.
2, 24547
List the prime factors of 9008036.
2, 2252009
List the prime factors of 66960.
2, 3, 5, 31
List the prime factors of 158482.
2, 79241
What are the prime factors of 34221258?
2, 3, 373, 1699
What are the prime factors of 96819?
3, 59, 547
List the prime factors of 223865.
5, 44773
What are the prime factors of 648021?
3, 11, 73, 269
What are the prime factors of 316218?
2, 3, 7, 7529
What are the prime factors of 571198?
2, 285599
List the prime factors of 17282457.
3, 19, 59, 571
What are the prime factors of 818745?
3, 5, 54583
What are the prime factors of 486894?
2, 3, 19, 4271
What are the prime factors of 1907539?
263, 7253
What are the prime factors of 149269?
149269
List the prime factors of 4746564.
2, 3, 131849
What are the prime factors of 1802428?
2, 61, 83, 89
List the prime factors of 314224.
2, 41, 479
List the prime factors of 39744.
2, 3, 23
List the prime factors of 1305573.
3, 435191
List the prime factors of 193230.
2, 3, 5, 19, 113
List the prime factors of 1354014.
2, 3, 75223
List the prime factors of 1332033.
3, 19, 23369
What are the prime factors of 867051?
3, 17, 1889
List the prime factors of 1404738.
2, 3, 78041
What are the prime factors of 5142819?
3, 11, 101, 1543
What are the prime factors of 48729?
3, 37, 439
List the prime factors of 8305317.
3, 922813
What are the prime factors of 718174?
2, 73, 4919
List the prime factors of 630266.
2, 7, 13, 3463
List the prime factors of 1362027.
3, 454009
List the prime factors of 403830.
2, 3, 5, 7, 641
List the prime factors of 865371.
3, 13, 22189
List the prime factors of 1387774.
2, 23, 30169
What are the prime factors of 763575?
3, 5, 10181
What are the prime factors of 10144523?
10144523
List the prime factors of 28613801.
2161, 13241
What are the prime factors of 932378?
2, 311, 1499
What are the prime factors of 97142?
2, 48571
List the prime factors of 878082.
2, 3, 146347
What are the prime factors of 880922?
2, 7, 89, 101
What are the prime factors of 6209033?
1327, 4679
What are the prime factors of 95584?
2, 29, 103
List the prime factors of 191667.
3, 7, 9127
What are the prime factors of 326384?
2, 20399
What are the prime factors of 30147?
3, 13, 773
What are the prime factors of 1926308?
2, 481577
What are the prime factors of 25469595?
3, 5, 19, 29789
What are the prime factors of 733591?
733591
What are the prime factors of 942479?
942479
List the prime factors of 160591.
160591
What are the prime factors of 2231373?
3, 743791
What are the prime factors of 516016?
2, 32251
List the prime factors of 19894920.
2, 3, 5, 317, 523
List the prime factors of 17645150.
2, 5, 17, 20759
List the prime factors of 104118.
2, 3, 7, 37, 67
What are the prime factors of 21184?
2, 331
List the prime factors of 3306922.
2, 907, 1823
List the prime factors of 3921008.
2, 7, 13, 2693
List the prime factors of 84383.
13, 6491
List the prime factors of 297324.
2, 3, 2753
List the prime factors of 7941984.
2, 3, 82729
List the prime factors of 85330.
2, 5, 7, 23, 53
What are the prime factors of 4534716?
2, 3, 17, 22229
List the prime factors of 457744.
2, 7, 61, 67
What are the prime factors of 3209945?
5, 53, 12113
What are the prime factors of 87337?
87337
What are the prime factors of 23021?
23021
What are the prime factors of 1288889?
7, 17, 10831
What are the prime factors of 1204511?
7, 11, 15643
What are the prime factors of 4600684?
2, 11, 104561
What are the prime factors of 129582?
2, 3, 23, 313
What are the prime factors of 802697?
7, 114671
List the prime factors of 1482664.
2, 37, 5009
List the prime factors of 6052442.
2, 11, 17, 16183
What are the prime factors of 5387778?
2, 3, 11, 27211
What are the prime factors of 1106215?
5, 11, 20113
List the prime factors of 120242.
2, 59, 1019
List the prime factors of 18815364.
2, 3, 331, 1579
What are the prime factors of 3292621?
1109, 2969
List the prime factors of 9459250.
2, 5, 157, 241
What are the prime factors of 6399829?
6399829
What are the prime factors of 735582?
2, 3, 122597
List the prime factors of 3163526.
2, 977, 1619
What are the pr